{"id":246,"date":"2025-09-08T13:26:50","date_gmt":"2025-09-08T16:26:50","guid":{"rendered":"http:\/\/agrofortetratores.com.br\/?page_id=246"},"modified":"2025-09-16T08:57:46","modified_gmt":"2025-09-16T11:57:46","slug":"sobre-nos","status":"publish","type":"page","link":"https:\/\/agrofortetratores.com.br\/?page_id=246","title":{"rendered":"Sobre nos"},"content":{"rendered":"\t\t<div data-elementor-type=\"wp-page\" data-elementor-id=\"246\" class=\"elementor elementor-246\">\n\t\t\t\t<div class=\"elementor-element elementor-element-00b11e6 e-flex e-con-boxed e-con e-parent\" data-id=\"00b11e6\" data-element_type=\"container\" data-settings=\"{&quot;background_background&quot;:&quot;classic&quot;}\">\n\t\t\t\t\t<div class=\"e-con-inner\">\n\t\t\t\t\t<\/div>\n\t\t\t\t<\/div>\n\t\t<div class=\"elementor-element elementor-element-fd96b95 e-flex e-con-boxed e-con e-parent\" data-id=\"fd96b95\" data-element_type=\"container\">\n\t\t\t\t\t<div class=\"e-con-inner\">\n\t\t\t\t\t<\/div>\n\t\t\t\t<\/div>\n\t\t<div class=\"elementor-element elementor-element-03221b2 e-flex e-con-boxed e-con e-parent\" data-id=\"03221b2\" data-element_type=\"container\">\n\t\t\t\t\t<div class=\"e-con-inner\">\n\t\t<div class=\"elementor-element elementor-element-450c85c e-con-full e-flex e-con e-child\" data-id=\"450c85c\" data-element_type=\"container\">\n\t\t\t\t<div class=\"elementor-element elementor-element-d28917d elementor-widget elementor-widget-heading\" data-id=\"d28917d\" data-element_type=\"widget\" data-widget_type=\"heading.default\">\n\t\t\t\t\t<h2 class=\"elementor-heading-title elementor-size-default\">Miss\u00e3o<\/h2>\t\t\t\t<\/div>\n\t\t<div class=\"elementor-element elementor-element-59f72e0 e-con-full e-flex e-con e-child\" data-id=\"59f72e0\" data-element_type=\"container\">\n\t\t\t\t<div class=\"elementor-element elementor-element-7c3c572 elementor-widget elementor-widget-text-editor\" data-id=\"7c3c572\" data-element_type=\"widget\" data-widget_type=\"text-editor.default\">\n\t\t\t\t\t\t\t\t\t<p>Oferecer solu\u00e7\u00f5es ageis e de qualidade em <br \/>manuten\u00e7\u00e3o de m\u00e1quinas e implementos agricolas, fornecendo pe\u00e7as e manuten\u00e7\u00e3o,<br \/>garantindo ao produtor rural confian\u00e7a, produtividade e tranquilidade no<br \/>campo.<\/p>\t\t\t\t\t\t\t\t<\/div>\n\t\t\t\t<\/div>\n\t\t\t\t<\/div>\n\t\t<div class=\"elementor-element elementor-element-3fce3b3 e-con-full e-flex e-con e-child\" data-id=\"3fce3b3\" data-element_type=\"container\">\n\t\t\t\t<\/div>\n\t\t<div class=\"elementor-element elementor-element-c7b8530 e-con-full e-flex e-con e-child\" data-id=\"c7b8530\" data-element_type=\"container\">\n\t\t\t\t<div class=\"elementor-element elementor-element-5adf792 elementor-widget elementor-widget-heading\" data-id=\"5adf792\" data-element_type=\"widget\" data-widget_type=\"heading.default\">\n\t\t\t\t\t<h2 class=\"elementor-heading-title elementor-size-default\">Vis\u00e3o<\/h2>\t\t\t\t<\/div>\n\t\t<div class=\"elementor-element elementor-element-dde1a63 e-con-full e-flex e-con e-child\" data-id=\"dde1a63\" data-element_type=\"container\">\n\t\t\t\t<div class=\"elementor-element elementor-element-0b36c31 elementor-widget elementor-widget-text-editor\" data-id=\"0b36c31\" data-element_type=\"widget\" data-widget_type=\"text-editor.default\">\n\t\t\t\t\t\t\t\t\t<p>Ser visto como refer\u00eancia regional em servi\u00e7os e pe\u00e7as para tratores e m\u00e1quinas agr\u00edcolas, reconhecida pela excel\u00eancia, inova\u00e7\u00e3o e compromisso com o desenvolvimento do agroneg\u00f3cio.<\/p>\t\t\t\t\t\t\t\t<\/div>\n\t\t\t\t<\/div>\n\t\t\t\t<\/div>\n\t\t\t\t\t<\/div>\n\t\t\t\t<\/div>\n\t\t<div class=\"elementor-element elementor-element-c34c4a0 e-flex e-con-boxed e-con e-parent\" data-id=\"c34c4a0\" data-element_type=\"container\">\n\t\t\t\t\t<div class=\"e-con-inner\">\n\t\t\t\t\t<\/div>\n\t\t\t\t<\/div>\n\t\t<div class=\"elementor-element elementor-element-1a67c93 e-flex e-con-boxed e-con e-parent\" data-id=\"1a67c93\" data-element_type=\"container\">\n\t\t\t\t\t<div class=\"e-con-inner\">\n\t\t\t\t<div class=\"elementor-element elementor-element-d7da0c2 elementor-widget elementor-widget-heading\" data-id=\"d7da0c2\" data-element_type=\"widget\" data-widget_type=\"heading.default\">\n\t\t\t\t\t<h2 class=\"elementor-heading-title elementor-size-default\">valores<\/h2>\t\t\t\t<\/div>\n\t\t\t\t\t<\/div>\n\t\t\t\t<\/div>\n\t\t<div class=\"elementor-element elementor-element-e47b0e2 e-flex e-con-boxed e-con e-parent\" data-id=\"e47b0e2\" data-element_type=\"container\">\n\t\t\t\t\t<div class=\"e-con-inner\">\n\t\t\t\t<div class=\"elementor-element elementor-element-956bab2 elementor-widget elementor-widget-text-editor\" data-id=\"956bab2\" data-element_type=\"widget\" data-widget_type=\"text-editor.default\">\n\t\t\t\t\t\t\t\t\t<p>\u2022 Compromisso com o cliente \u2013 atender com seriedade, respeito e proximidade.<\/p><p>\u2022 Qualidade e confian\u00e7a \u2013 oferecer servi\u00e7os e pe\u00e7as que garantam seguran\u00e7a e durabilidade.<\/p><p>\u2022 Agilidade \u2013 responder \u00e0s necessidades do produtor rural de forma r\u00e1pida e eficiente.<\/p><p>\u2022 Transpar\u00eancia \u2013 construir rela\u00e7\u00f5es de credibilidade e honestidade.<\/p><p>\u2022 Inova\u00e7\u00e3o \u2013 buscar constantemente novas solu\u00e7\u00f5es e melhorias no atendimento.<\/p><p>\u2022 Valoriza\u00e7\u00e3o da equipe \u2013 investir em profissionais capacitados e comprometidos.<\/p><p>\u2022 Sustentabilidade no campo \u2013 apoiar pr\u00e1ticas que fortale\u00e7am o agroneg\u00f3cio de forma respons\u00e1vel.<\/p>\t\t\t\t\t\t\t\t<\/div>\n\t\t\t\t\t<\/div>\n\t\t\t\t<\/div>\n\t\t<div class=\"elementor-element elementor-element-cd7dd5d e-flex e-con-boxed e-con e-parent\" data-id=\"cd7dd5d\" data-element_type=\"container\">\n\t\t\t\t\t<div class=\"e-con-inner\">\n\t\t\t\t\t<\/div>\n\t\t\t\t<\/div>\n\t\t\t\t<\/div>\n\t\t","protected":false},"excerpt":{"rendered":"<p>Miss\u00e3o Oferecer solu\u00e7\u00f5es ageis e de qualidade em manuten\u00e7\u00e3o de m\u00e1quinas e implementos agricolas, fornecendo pe\u00e7as e manuten\u00e7\u00e3o,garantindo ao produtor rural confian\u00e7a, produtividade e tranquilidade nocampo. Vis\u00e3o Ser visto como refer\u00eancia regional em servi\u00e7os e pe\u00e7as para tratores e m\u00e1quinas agr\u00edcolas, reconhecida pela excel\u00eancia, inova\u00e7\u00e3o e compromisso com o desenvolvimento do agroneg\u00f3cio. valores \u2022 Compromisso [&hellip;]<\/p>\n","protected":false},"author":1,"featured_media":0,"parent":0,"menu_order":0,"comment_status":"closed","ping_status":"closed","template":"","meta":{"footnotes":""},"class_list":["post-246","page","type-page","status-publish","hentry"],"yoast_head":"<!-- This site is optimized with the Yoast SEO plugin v25.8 - https:\/\/yoast.com\/wordpress\/plugins\/seo\/ -->\n<title>Sobre nos - Agroforttratores<\/title>\n<meta name=\"robots\" content=\"index, follow, max-snippet:-1, max-image-preview:large, max-video-preview:-1\" \/>\n<link rel=\"canonical\" href=\"https:\/\/agrofortetratores.com.br\/?page_id=246\" \/>\n<meta property=\"og:locale\" content=\"pt_BR\" \/>\n<meta property=\"og:type\" content=\"article\" \/>\n<meta property=\"og:title\" content=\"Sobre nos - Agroforttratores\" \/>\n<meta property=\"og:description\" content=\"Miss\u00e3o Oferecer solu\u00e7\u00f5es ageis e de qualidade em manuten\u00e7\u00e3o de m\u00e1quinas e implementos agricolas, fornecendo pe\u00e7as e manuten\u00e7\u00e3o,garantindo ao produtor rural confian\u00e7a, produtividade e tranquilidade nocampo. Vis\u00e3o Ser visto como refer\u00eancia regional em servi\u00e7os e pe\u00e7as para tratores e m\u00e1quinas agr\u00edcolas, reconhecida pela excel\u00eancia, inova\u00e7\u00e3o e compromisso com o desenvolvimento do agroneg\u00f3cio. valores \u2022 Compromisso [&hellip;]\" \/>\n<meta property=\"og:url\" content=\"https:\/\/agrofortetratores.com.br\/?page_id=246\" \/>\n<meta property=\"og:site_name\" content=\"Agroforttratores\" \/>\n<meta property=\"article:modified_time\" content=\"2025-09-16T11:57:46+00:00\" \/>\n<meta name=\"twitter:card\" content=\"summary_large_image\" \/>\n<meta name=\"twitter:label1\" content=\"Est. tempo de leitura\" \/>\n\t<meta name=\"twitter:data1\" content=\"1 minuto\" \/>\n<script type=\"application\/ld+json\" class=\"yoast-schema-graph\">{\"@context\":\"https:\/\/schema.org\",\"@graph\":[{\"@type\":\"WebPage\",\"@id\":\"https:\/\/agrofortetratores.com.br\/?page_id=246\",\"url\":\"https:\/\/agrofortetratores.com.br\/?page_id=246\",\"name\":\"Sobre nos - Agroforttratores\",\"isPartOf\":{\"@id\":\"https:\/\/agrofortetratores.com.br\/#website\"},\"datePublished\":\"2025-09-08T16:26:50+00:00\",\"dateModified\":\"2025-09-16T11:57:46+00:00\",\"breadcrumb\":{\"@id\":\"https:\/\/agrofortetratores.com.br\/?page_id=246#breadcrumb\"},\"inLanguage\":\"pt-BR\",\"potentialAction\":[{\"@type\":\"ReadAction\",\"target\":[\"https:\/\/agrofortetratores.com.br\/?page_id=246\"]}]},{\"@type\":\"BreadcrumbList\",\"@id\":\"https:\/\/agrofortetratores.com.br\/?page_id=246#breadcrumb\",\"itemListElement\":[{\"@type\":\"ListItem\",\"position\":1,\"name\":\"In\u00edcio\",\"item\":\"https:\/\/agrofortetratores.com.br\/\"},{\"@type\":\"ListItem\",\"position\":2,\"name\":\"Sobre nos\"}]},{\"@type\":\"WebSite\",\"@id\":\"https:\/\/agrofortetratores.com.br\/#website\",\"url\":\"https:\/\/agrofortetratores.com.br\/\",\"name\":\"Agroforttratores\",\"description\":\"\",\"potentialAction\":[{\"@type\":\"SearchAction\",\"target\":{\"@type\":\"EntryPoint\",\"urlTemplate\":\"https:\/\/agrofortetratores.com.br\/?s={search_term_string}\"},\"query-input\":{\"@type\":\"PropertyValueSpecification\",\"valueRequired\":true,\"valueName\":\"search_term_string\"}}],\"inLanguage\":\"pt-BR\"}]}<\/script>\n<!-- \/ Yoast SEO plugin. -->","yoast_head_json":{"title":"Sobre nos - Agroforttratores","robots":{"index":"index","follow":"follow","max-snippet":"max-snippet:-1","max-image-preview":"max-image-preview:large","max-video-preview":"max-video-preview:-1"},"canonical":"https:\/\/agrofortetratores.com.br\/?page_id=246","og_locale":"pt_BR","og_type":"article","og_title":"Sobre nos - Agroforttratores","og_description":"Miss\u00e3o Oferecer solu\u00e7\u00f5es ageis e de qualidade em manuten\u00e7\u00e3o de m\u00e1quinas e implementos agricolas, fornecendo pe\u00e7as e manuten\u00e7\u00e3o,garantindo ao produtor rural confian\u00e7a, produtividade e tranquilidade nocampo. Vis\u00e3o Ser visto como refer\u00eancia regional em servi\u00e7os e pe\u00e7as para tratores e m\u00e1quinas agr\u00edcolas, reconhecida pela excel\u00eancia, inova\u00e7\u00e3o e compromisso com o desenvolvimento do agroneg\u00f3cio. valores \u2022 Compromisso [&hellip;]","og_url":"https:\/\/agrofortetratores.com.br\/?page_id=246","og_site_name":"Agroforttratores","article_modified_time":"2025-09-16T11:57:46+00:00","twitter_card":"summary_large_image","twitter_misc":{"Est. tempo de leitura":"1 minuto"},"schema":{"@context":"https:\/\/schema.org","@graph":[{"@type":"WebPage","@id":"https:\/\/agrofortetratores.com.br\/?page_id=246","url":"https:\/\/agrofortetratores.com.br\/?page_id=246","name":"Sobre nos - Agroforttratores","isPartOf":{"@id":"https:\/\/agrofortetratores.com.br\/#website"},"datePublished":"2025-09-08T16:26:50+00:00","dateModified":"2025-09-16T11:57:46+00:00","breadcrumb":{"@id":"https:\/\/agrofortetratores.com.br\/?page_id=246#breadcrumb"},"inLanguage":"pt-BR","potentialAction":[{"@type":"ReadAction","target":["https:\/\/agrofortetratores.com.br\/?page_id=246"]}]},{"@type":"BreadcrumbList","@id":"https:\/\/agrofortetratores.com.br\/?page_id=246#breadcrumb","itemListElement":[{"@type":"ListItem","position":1,"name":"In\u00edcio","item":"https:\/\/agrofortetratores.com.br\/"},{"@type":"ListItem","position":2,"name":"Sobre nos"}]},{"@type":"WebSite","@id":"https:\/\/agrofortetratores.com.br\/#website","url":"https:\/\/agrofortetratores.com.br\/","name":"Agroforttratores","description":"","potentialAction":[{"@type":"SearchAction","target":{"@type":"EntryPoint","urlTemplate":"https:\/\/agrofortetratores.com.br\/?s={search_term_string}"},"query-input":{"@type":"PropertyValueSpecification","valueRequired":true,"valueName":"search_term_string"}}],"inLanguage":"pt-BR"}]}},"_links":{"self":[{"href":"https:\/\/agrofortetratores.com.br\/index.php?rest_route=\/wp\/v2\/pages\/246","targetHints":{"allow":["GET"]}}],"collection":[{"href":"https:\/\/agrofortetratores.com.br\/index.php?rest_route=\/wp\/v2\/pages"}],"about":[{"href":"https:\/\/agrofortetratores.com.br\/index.php?rest_route=\/wp\/v2\/types\/page"}],"author":[{"embeddable":true,"href":"https:\/\/agrofortetratores.com.br\/index.php?rest_route=\/wp\/v2\/users\/1"}],"replies":[{"embeddable":true,"href":"https:\/\/agrofortetratores.com.br\/index.php?rest_route=%2Fwp%2Fv2%2Fcomments&post=246"}],"version-history":[{"count":15,"href":"https:\/\/agrofortetratores.com.br\/index.php?rest_route=\/wp\/v2\/pages\/246\/revisions"}],"predecessor-version":[{"id":475,"href":"https:\/\/agrofortetratores.com.br\/index.php?rest_route=\/wp\/v2\/pages\/246\/revisions\/475"}],"wp:attachment":[{"href":"https:\/\/agrofortetratores.com.br\/index.php?rest_route=%2Fwp%2Fv2%2Fmedia&parent=246"}],"curies":[{"name":"wp","href":"https:\/\/api.w.org\/{rel}","templated":true}]}}