{"id":270,"date":"2025-09-11T10:06:15","date_gmt":"2025-09-11T13:06:15","guid":{"rendered":"http:\/\/agrofortetratores.com.br\/?page_id=270"},"modified":"2025-09-16T08:58:37","modified_gmt":"2025-09-16T11:58:37","slug":"270-2","status":"publish","type":"page","link":"https:\/\/agrofortetratores.com.br\/","title":{"rendered":"Home   Page"},"content":{"rendered":"\t\t<div data-elementor-type=\"wp-post\" data-elementor-id=\"270\" class=\"elementor elementor-270\">\n\t\t\t\t<div class=\"elementor-element elementor-element-37c9d21 e-con-full e-flex e-con e-parent\" data-id=\"37c9d21\" data-element_type=\"container\" data-settings=\"{&quot;background_background&quot;:&quot;classic&quot;}\">\n\t\t\t\t<div class=\"elementor-element elementor-element-afe1707 elementor-widget__width-initial elementor-absolute e-transform e-transform e-transform elementor-widget-tablet__width-initial elementor-widget-mobile__width-initial elementor-widget elementor-widget-button\" data-id=\"afe1707\" data-element_type=\"widget\" data-settings=\"{&quot;_position&quot;:&quot;absolute&quot;,&quot;_transform_scale_effect&quot;:{&quot;unit&quot;:&quot;px&quot;,&quot;size&quot;:1,&quot;sizes&quot;:[]},&quot;_transform_skewX_effect&quot;:{&quot;unit&quot;:&quot;px&quot;,&quot;size&quot;:0,&quot;sizes&quot;:[]},&quot;_transform_translateX_effect&quot;:{&quot;unit&quot;:&quot;px&quot;,&quot;size&quot;:&quot;&quot;,&quot;sizes&quot;:[]},&quot;_transform_translateX_effect_tablet&quot;:{&quot;unit&quot;:&quot;px&quot;,&quot;size&quot;:&quot;&quot;,&quot;sizes&quot;:[]},&quot;_transform_translateX_effect_mobile&quot;:{&quot;unit&quot;:&quot;px&quot;,&quot;size&quot;:&quot;&quot;,&quot;sizes&quot;:[]},&quot;_transform_translateY_effect&quot;:{&quot;unit&quot;:&quot;px&quot;,&quot;size&quot;:&quot;&quot;,&quot;sizes&quot;:[]},&quot;_transform_translateY_effect_tablet&quot;:{&quot;unit&quot;:&quot;px&quot;,&quot;size&quot;:&quot;&quot;,&quot;sizes&quot;:[]},&quot;_transform_translateY_effect_mobile&quot;:{&quot;unit&quot;:&quot;px&quot;,&quot;size&quot;:&quot;&quot;,&quot;sizes&quot;:[]},&quot;_transform_scale_effect_tablet&quot;:{&quot;unit&quot;:&quot;px&quot;,&quot;size&quot;:&quot;&quot;,&quot;sizes&quot;:[]},&quot;_transform_scale_effect_mobile&quot;:{&quot;unit&quot;:&quot;px&quot;,&quot;size&quot;:&quot;&quot;,&quot;sizes&quot;:[]},&quot;_transform_skewX_effect_tablet&quot;:{&quot;unit&quot;:&quot;deg&quot;,&quot;size&quot;:&quot;&quot;,&quot;sizes&quot;:[]},&quot;_transform_skewX_effect_mobile&quot;:{&quot;unit&quot;:&quot;deg&quot;,&quot;size&quot;:&quot;&quot;,&quot;sizes&quot;:[]},&quot;_transform_skewY_effect&quot;:{&quot;unit&quot;:&quot;px&quot;,&quot;size&quot;:&quot;&quot;,&quot;sizes&quot;:[]},&quot;_transform_skewY_effect_tablet&quot;:{&quot;unit&quot;:&quot;deg&quot;,&quot;size&quot;:&quot;&quot;,&quot;sizes&quot;:[]},&quot;_transform_skewY_effect_mobile&quot;:{&quot;unit&quot;:&quot;deg&quot;,&quot;size&quot;:&quot;&quot;,&quot;sizes&quot;:[]}}\" data-widget_type=\"button.default\">\n\t\t\t\t\t\t\t\t\t\t<a class=\"elementor-button elementor-button-link elementor-size-sm\" href=\"https:\/\/api.whatsapp.com\/send\/?phone=553499393544&#038;text&#038;type=phone_number&#038;app_absent=0\">\n\t\t\t\t\t\t<span class=\"elementor-button-content-wrapper\">\n\t\t\t\t\t\t\t\t\t<span class=\"elementor-button-text\">Fale conosco no whatsApp<\/span>\n\t\t\t\t\t<\/span>\n\t\t\t\t\t<\/a>\n\t\t\t\t\t\t\t\t<\/div>\n\t\t\t\t<\/div>\n\t\t<div class=\"elementor-element elementor-element-dd18cc4 e-con-full e-flex e-con e-parent\" data-id=\"dd18cc4\" data-element_type=\"container\">\n\t\t\t\t<\/div>\n\t\t<div class=\"elementor-element elementor-element-663547f e-flex e-con-boxed e-con e-parent\" data-id=\"663547f\" data-element_type=\"container\">\n\t\t\t\t\t<div class=\"e-con-inner\">\n\t\t<div class=\"elementor-element elementor-element-d01e238 e-con-full e-flex e-con e-child\" data-id=\"d01e238\" data-element_type=\"container\">\n\t\t\t\t<div class=\"elementor-element elementor-element-91f25b7 elementor-widget elementor-widget-image\" data-id=\"91f25b7\" data-element_type=\"widget\" data-widget_type=\"image.default\">\n\t\t\t\t\t\t\t\t\t\t\t\t\t\t\t<img decoding=\"async\" width=\"236\" height=\"159\" src=\"https:\/\/agrofortetratores.com.br\/wp-content\/uploads\/2025\/09\/WhatsApp-Image-2025-09-09-at-17.21.04.jpeg\" class=\"attachment-large size-large wp-image-273\" alt=\"\" \/>\t\t\t\t\t\t\t\t\t\t\t\t\t\t\t<\/div>\n\t\t\t\t<\/div>\n\t\t<div class=\"elementor-element elementor-element-ab35963 e-con-full e-flex e-con e-child\" data-id=\"ab35963\" data-element_type=\"container\">\n\t\t\t\t<div class=\"elementor-element elementor-element-85db5cc elementor-widget elementor-widget-heading\" data-id=\"85db5cc\" data-element_type=\"widget\" data-widget_type=\"heading.default\">\n\t\t\t\t\t<h2 class=\"elementor-heading-title elementor-size-default\">Sobre n\u00f3s<\/h2>\t\t\t\t<\/div>\n\t\t<div class=\"elementor-element elementor-element-7de234f e-con-full e-flex e-con e-child\" data-id=\"7de234f\" data-element_type=\"container\">\n\t\t\t\t<div class=\"elementor-element elementor-element-e49b575 elementor-widget elementor-widget-text-editor\" data-id=\"e49b575\" data-element_type=\"widget\" data-widget_type=\"text-editor.default\">\n\t\t\t\t\t\t\t\t\t<p>A Agrofort Tratores \u00e9 uma loja e oficina mecanica especializada com a missao de oferecer\u00a0<span style=\"text-align: center;\">solu\u00e7\u00f5es ageis e de qualidade em\u00a0<\/span><span style=\"text-align: center;\">manuten\u00e7\u00e3o de m\u00e1quinas e implementos agricolas<\/span><\/p>\t\t\t\t\t\t\t\t<\/div>\n\t\t<div class=\"elementor-element elementor-element-13374ef e-con-full e-flex e-con e-child\" data-id=\"13374ef\" data-element_type=\"container\">\n\t\t\t\t<div class=\"elementor-element elementor-element-7d6c6bc elementor-mobile-align-center elementor-widget__width-initial elementor-widget elementor-widget-button\" data-id=\"7d6c6bc\" data-element_type=\"widget\" data-widget_type=\"button.default\">\n\t\t\t\t\t\t\t\t\t\t<a class=\"elementor-button elementor-button-link elementor-size-sm\" href=\"https:\/\/agrofortetratores.com.br\/?page_id=246\">\n\t\t\t\t\t\t<span class=\"elementor-button-content-wrapper\">\n\t\t\t\t\t\t\t\t\t<span class=\"elementor-button-text\">sobre n\u00f3s<\/span>\n\t\t\t\t\t<\/span>\n\t\t\t\t\t<\/a>\n\t\t\t\t\t\t\t\t<\/div>\n\t\t\t\t<\/div>\n\t\t\t\t<\/div>\n\t\t\t\t<\/div>\n\t\t\t\t\t<\/div>\n\t\t\t\t<\/div>\n\t\t<div class=\"elementor-element elementor-element-426df82 e-flex e-con-boxed e-con e-parent\" data-id=\"426df82\" data-element_type=\"container\">\n\t\t\t\t\t<div class=\"e-con-inner\">\n\t\t\t\t<div class=\"elementor-element elementor-element-71b6fac elementor-widget__width-initial elementor-widget elementor-widget-heading\" data-id=\"71b6fac\" data-element_type=\"widget\" data-widget_type=\"heading.default\">\n\t\t\t\t\t<h2 class=\"elementor-heading-title elementor-size-default\">nossos servi\u00e7os<\/h2>\t\t\t\t<\/div>\n\t\t\t\t\t<\/div>\n\t\t\t\t<\/div>\n\t\t<div class=\"elementor-element elementor-element-8790026 e-con-full e-flex e-con e-parent\" data-id=\"8790026\" data-element_type=\"container\">\n\t\t\t\t<\/div>\n\t\t<div class=\"elementor-element elementor-element-f1e40ea e-con-full e-flex e-con e-parent\" data-id=\"f1e40ea\" data-element_type=\"container\">\n\t\t<div class=\"elementor-element elementor-element-457401f e-con-full e-flex e-con e-child\" data-id=\"457401f\" data-element_type=\"container\">\n\t\t\t\t<div class=\"elementor-element elementor-element-416f90a elementor-widget-mobile__width-initial elementor-widget elementor-widget-image\" data-id=\"416f90a\" data-element_type=\"widget\" data-widget_type=\"image.default\">\n\t\t\t\t\t\t\t\t\t\t\t\t\t\t\t<img decoding=\"async\" width=\"214\" height=\"94\" src=\"https:\/\/agrofortetratores.com.br\/wp-content\/uploads\/2025\/09\/WhatsApp-Image-2025-09-12-at-13.56.47.jpeg\" class=\"attachment-large size-large wp-image-412\" alt=\"\" \/>\t\t\t\t\t\t\t\t\t\t\t\t\t\t\t<\/div>\n\t\t\t\t<div class=\"elementor-element elementor-element-4c9c690 elementor-widget-mobile__width-initial elementor-widget elementor-widget-image\" data-id=\"4c9c690\" data-element_type=\"widget\" data-widget_type=\"image.default\">\n\t\t\t\t\t\t\t\t\t\t\t\t\t\t\t<img fetchpriority=\"high\" decoding=\"async\" width=\"421\" height=\"209\" src=\"https:\/\/agrofortetratores.com.br\/wp-content\/uploads\/2025\/09\/WhatsApp-Image-2025-09-12-at-14.03.27.jpeg\" class=\"attachment-large size-large wp-image-413\" alt=\"\" srcset=\"https:\/\/agrofortetratores.com.br\/wp-content\/uploads\/2025\/09\/WhatsApp-Image-2025-09-12-at-14.03.27.jpeg 421w, https:\/\/agrofortetratores.com.br\/wp-content\/uploads\/2025\/09\/WhatsApp-Image-2025-09-12-at-14.03.27-300x149.jpeg 300w\" sizes=\"(max-width: 421px) 100vw, 421px\" \/>\t\t\t\t\t\t\t\t\t\t\t\t\t\t\t<\/div>\n\t\t\t\t<div class=\"elementor-element elementor-element-d7a4278 elementor-widget-mobile__width-initial elementor-widget elementor-widget-image\" data-id=\"d7a4278\" data-element_type=\"widget\" data-widget_type=\"image.default\">\n\t\t\t\t\t\t\t\t\t\t\t\t\t\t\t<img loading=\"lazy\" decoding=\"async\" width=\"418\" height=\"201\" src=\"https:\/\/agrofortetratores.com.br\/wp-content\/uploads\/2025\/09\/WhatsApp-Image-2025-09-12-at-14.10.16-1.jpeg\" class=\"attachment-large size-large wp-image-414\" alt=\"\" srcset=\"https:\/\/agrofortetratores.com.br\/wp-content\/uploads\/2025\/09\/WhatsApp-Image-2025-09-12-at-14.10.16-1.jpeg 418w, https:\/\/agrofortetratores.com.br\/wp-content\/uploads\/2025\/09\/WhatsApp-Image-2025-09-12-at-14.10.16-1-300x144.jpeg 300w\" sizes=\"(max-width: 418px) 100vw, 418px\" \/>\t\t\t\t\t\t\t\t\t\t\t\t\t\t\t<\/div>\n\t\t\t\t<\/div>\n\t\t\t\t<\/div>\n\t\t<div class=\"elementor-element elementor-element-a1f5cbc e-con-full e-flex e-con e-parent\" data-id=\"a1f5cbc\" data-element_type=\"container\">\n\t\t\t\t<\/div>\n\t\t<div class=\"elementor-element elementor-element-7fb04b4 e-con-full e-flex e-con e-parent\" data-id=\"7fb04b4\" data-element_type=\"container\">\n\t\t\t\t<div class=\"elementor-element elementor-element-35db306 elementor-widget elementor-widget-heading\" data-id=\"35db306\" data-element_type=\"widget\" data-widget_type=\"heading.default\">\n\t\t\t\t\t<h2 class=\"elementor-heading-title elementor-size-default\">Destaques de produtos<\/h2>\t\t\t\t<\/div>\n\t\t\t\t<\/div>\n\t\t<div class=\"elementor-element elementor-element-fb999d7 e-flex e-con-boxed e-con e-parent\" data-id=\"fb999d7\" data-element_type=\"container\">\n\t\t\t\t\t<div class=\"e-con-inner\">\n\t\t\t\t\t<\/div>\n\t\t\t\t<\/div>\n\t\t<div class=\"elementor-element elementor-element-5d02955 e-con-full e-flex e-con e-parent\" data-id=\"5d02955\" data-element_type=\"container\">\n\t\t\t\t<div class=\"elementor-element elementor-element-b8b828a elementor-widget elementor-widget-image\" data-id=\"b8b828a\" data-element_type=\"widget\" data-widget_type=\"image.default\">\n\t\t\t\t\t\t\t\t\t\t\t\t\t\t\t<img loading=\"lazy\" decoding=\"async\" width=\"426\" height=\"291\" src=\"https:\/\/agrofortetratores.com.br\/wp-content\/uploads\/2025\/09\/WhatsApp-Image-2025-09-12-at-09.26.11.jpeg\" class=\"attachment-large size-large wp-image-308\" alt=\"\" srcset=\"https:\/\/agrofortetratores.com.br\/wp-content\/uploads\/2025\/09\/WhatsApp-Image-2025-09-12-at-09.26.11.jpeg 426w, https:\/\/agrofortetratores.com.br\/wp-content\/uploads\/2025\/09\/WhatsApp-Image-2025-09-12-at-09.26.11-300x205.jpeg 300w\" sizes=\"(max-width: 426px) 100vw, 426px\" \/>\t\t\t\t\t\t\t\t\t\t\t\t\t\t\t<\/div>\n\t\t\t\t<\/div>\n\t\t<div class=\"elementor-element elementor-element-375669a e-con-full e-flex e-con e-parent\" data-id=\"375669a\" data-element_type=\"container\">\n\t\t\t\t<\/div>\n\t\t<div class=\"elementor-element elementor-element-d6d9360 e-con-full e-flex e-con e-parent\" data-id=\"d6d9360\" data-element_type=\"container\">\n\t\t\t\t<div class=\"elementor-element elementor-element-66ed5c2 elementor-widget__width-initial elementor-widget elementor-widget-image\" data-id=\"66ed5c2\" data-element_type=\"widget\" data-widget_type=\"image.default\">\n\t\t\t\t\t\t\t\t\t\t\t\t\t\t\t<img loading=\"lazy\" decoding=\"async\" width=\"389\" height=\"308\" src=\"https:\/\/agrofortetratores.com.br\/wp-content\/uploads\/2025\/09\/WhatsApp-Image-2025-09-12-at-09.33.18.jpeg\" class=\"attachment-large size-large wp-image-310\" alt=\"\" srcset=\"https:\/\/agrofortetratores.com.br\/wp-content\/uploads\/2025\/09\/WhatsApp-Image-2025-09-12-at-09.33.18.jpeg 389w, https:\/\/agrofortetratores.com.br\/wp-content\/uploads\/2025\/09\/WhatsApp-Image-2025-09-12-at-09.33.18-300x238.jpeg 300w\" sizes=\"(max-width: 389px) 100vw, 389px\" \/>\t\t\t\t\t\t\t\t\t\t\t\t\t\t\t<\/div>\n\t\t\t\t<\/div>\n\t\t<div class=\"elementor-element elementor-element-536b7c6 e-con-full e-flex e-con e-parent\" data-id=\"536b7c6\" data-element_type=\"container\">\n\t\t\t\t<\/div>\n\t\t<div class=\"elementor-element elementor-element-7d9129e e-con-full e-flex e-con e-parent\" data-id=\"7d9129e\" data-element_type=\"container\">\n\t\t\t\t<div class=\"elementor-element elementor-element-79b12e7 elementor-widget elementor-widget-image\" data-id=\"79b12e7\" data-element_type=\"widget\" data-widget_type=\"image.default\">\n\t\t\t\t\t\t\t\t\t\t\t\t\t\t\t<img loading=\"lazy\" decoding=\"async\" width=\"452\" height=\"300\" src=\"https:\/\/agrofortetratores.com.br\/wp-content\/uploads\/2025\/09\/WhatsApp-Image-2025-09-12-at-09.31.45.jpeg\" class=\"attachment-large size-large wp-image-309\" alt=\"\" srcset=\"https:\/\/agrofortetratores.com.br\/wp-content\/uploads\/2025\/09\/WhatsApp-Image-2025-09-12-at-09.31.45.jpeg 452w, https:\/\/agrofortetratores.com.br\/wp-content\/uploads\/2025\/09\/WhatsApp-Image-2025-09-12-at-09.31.45-300x199.jpeg 300w\" sizes=\"(max-width: 452px) 100vw, 452px\" \/>\t\t\t\t\t\t\t\t\t\t\t\t\t\t\t<\/div>\n\t\t\t\t<div class=\"elementor-element elementor-element-991f601 elementor-mobile-align-center elementor-widget elementor-widget-button\" data-id=\"991f601\" data-element_type=\"widget\" data-widget_type=\"button.default\">\n\t\t\t\t\t\t\t\t\t\t<a class=\"elementor-button elementor-button-link elementor-size-sm\" href=\"#\">\n\t\t\t\t\t\t<span class=\"elementor-button-content-wrapper\">\n\t\t\t\t\t\t\t\t\t<span class=\"elementor-button-text\">conhe\u00e7a nosso cat\u00e1logo de produtos<\/span>\n\t\t\t\t\t<\/span>\n\t\t\t\t\t<\/a>\n\t\t\t\t\t\t\t\t<\/div>\n\t\t\t\t<\/div>\n\t\t<div class=\"elementor-element elementor-element-6dcdae6 e-flex e-con-boxed e-con e-parent\" data-id=\"6dcdae6\" data-element_type=\"container\">\n\t\t\t\t\t<div class=\"e-con-inner\">\n\t\t\t\t\t<\/div>\n\t\t\t\t<\/div>\n\t\t\t\t<\/div>\n\t\t","protected":false},"excerpt":{"rendered":"<p>Fale conosco no whatsApp Sobre n\u00f3s A Agrofort Tratores \u00e9 uma loja e oficina mecanica especializada com a missao de oferecer\u00a0solu\u00e7\u00f5es ageis e de qualidade em\u00a0manuten\u00e7\u00e3o de m\u00e1quinas e implementos agricolas sobre n\u00f3s nossos servi\u00e7os Destaques de produtos conhe\u00e7a nosso cat\u00e1logo de produtos<\/p>\n","protected":false},"author":1,"featured_media":0,"parent":0,"menu_order":0,"comment_status":"closed","ping_status":"closed","template":"","meta":{"footnotes":""},"class_list":["post-270","page","type-page","status-publish","hentry"],"yoast_head":"<!-- This site is optimized with the Yoast SEO plugin v25.8 - https:\/\/yoast.com\/wordpress\/plugins\/seo\/ -->\n<title>Home  Page - Agroforttratores<\/title>\n<meta name=\"robots\" content=\"index, follow, max-snippet:-1, max-image-preview:large, max-video-preview:-1\" \/>\n<link rel=\"canonical\" href=\"https:\/\/agrofortetratores.com.br\/\" \/>\n<meta property=\"og:locale\" content=\"pt_BR\" \/>\n<meta property=\"og:type\" content=\"article\" \/>\n<meta property=\"og:title\" content=\"Home  Page - Agroforttratores\" \/>\n<meta property=\"og:description\" content=\"Fale conosco no whatsApp Sobre n\u00f3s A Agrofort Tratores \u00e9 uma loja e oficina mecanica especializada com a missao de oferecer\u00a0solu\u00e7\u00f5es ageis e de qualidade em\u00a0manuten\u00e7\u00e3o de m\u00e1quinas e implementos agricolas sobre n\u00f3s nossos servi\u00e7os Destaques de produtos conhe\u00e7a nosso cat\u00e1logo de produtos\" \/>\n<meta property=\"og:url\" content=\"https:\/\/agrofortetratores.com.br\/\" \/>\n<meta property=\"og:site_name\" content=\"Agroforttratores\" \/>\n<meta property=\"article:modified_time\" content=\"2025-09-16T11:58:37+00:00\" \/>\n<meta property=\"og:image\" content=\"http:\/\/agrofortetratores.com.br\/wp-content\/uploads\/2025\/09\/WhatsApp-Image-2025-09-09-at-17.21.04.jpeg\" \/>\n<meta name=\"twitter:card\" content=\"summary_large_image\" \/>\n<meta name=\"twitter:label1\" content=\"Est. tempo de leitura\" \/>\n\t<meta name=\"twitter:data1\" content=\"1 minuto\" \/>\n<script type=\"application\/ld+json\" class=\"yoast-schema-graph\">{\"@context\":\"https:\/\/schema.org\",\"@graph\":[{\"@type\":\"WebPage\",\"@id\":\"https:\/\/agrofortetratores.com.br\/\",\"url\":\"https:\/\/agrofortetratores.com.br\/\",\"name\":\"Home Page - Agroforttratores\",\"isPartOf\":{\"@id\":\"https:\/\/agrofortetratores.com.br\/#website\"},\"primaryImageOfPage\":{\"@id\":\"https:\/\/agrofortetratores.com.br\/#primaryimage\"},\"image\":{\"@id\":\"https:\/\/agrofortetratores.com.br\/#primaryimage\"},\"thumbnailUrl\":\"http:\/\/agrofortetratores.com.br\/wp-content\/uploads\/2025\/09\/WhatsApp-Image-2025-09-09-at-17.21.04.jpeg\",\"datePublished\":\"2025-09-11T13:06:15+00:00\",\"dateModified\":\"2025-09-16T11:58:37+00:00\",\"breadcrumb\":{\"@id\":\"https:\/\/agrofortetratores.com.br\/#breadcrumb\"},\"inLanguage\":\"pt-BR\",\"potentialAction\":[{\"@type\":\"ReadAction\",\"target\":[\"https:\/\/agrofortetratores.com.br\/\"]}]},{\"@type\":\"ImageObject\",\"inLanguage\":\"pt-BR\",\"@id\":\"https:\/\/agrofortetratores.com.br\/#primaryimage\",\"url\":\"https:\/\/agrofortetratores.com.br\/wp-content\/uploads\/2025\/09\/WhatsApp-Image-2025-09-09-at-17.21.04.jpeg\",\"contentUrl\":\"https:\/\/agrofortetratores.com.br\/wp-content\/uploads\/2025\/09\/WhatsApp-Image-2025-09-09-at-17.21.04.jpeg\",\"width\":236,\"height\":159},{\"@type\":\"BreadcrumbList\",\"@id\":\"https:\/\/agrofortetratores.com.br\/#breadcrumb\",\"itemListElement\":[{\"@type\":\"ListItem\",\"position\":1,\"name\":\"In\u00edcio\",\"item\":\"https:\/\/agrofortetratores.com.br\/\"},{\"@type\":\"ListItem\",\"position\":2,\"name\":\"Home Page\"}]},{\"@type\":\"WebSite\",\"@id\":\"https:\/\/agrofortetratores.com.br\/#website\",\"url\":\"https:\/\/agrofortetratores.com.br\/\",\"name\":\"Agroforttratores\",\"description\":\"\",\"potentialAction\":[{\"@type\":\"SearchAction\",\"target\":{\"@type\":\"EntryPoint\",\"urlTemplate\":\"https:\/\/agrofortetratores.com.br\/?s={search_term_string}\"},\"query-input\":{\"@type\":\"PropertyValueSpecification\",\"valueRequired\":true,\"valueName\":\"search_term_string\"}}],\"inLanguage\":\"pt-BR\"}]}<\/script>\n<!-- \/ Yoast SEO plugin. -->","yoast_head_json":{"title":"Home  Page - Agroforttratores","robots":{"index":"index","follow":"follow","max-snippet":"max-snippet:-1","max-image-preview":"max-image-preview:large","max-video-preview":"max-video-preview:-1"},"canonical":"https:\/\/agrofortetratores.com.br\/","og_locale":"pt_BR","og_type":"article","og_title":"Home  Page - Agroforttratores","og_description":"Fale conosco no whatsApp Sobre n\u00f3s A Agrofort Tratores \u00e9 uma loja e oficina mecanica especializada com a missao de oferecer\u00a0solu\u00e7\u00f5es ageis e de qualidade em\u00a0manuten\u00e7\u00e3o de m\u00e1quinas e implementos agricolas sobre n\u00f3s nossos servi\u00e7os Destaques de produtos conhe\u00e7a nosso cat\u00e1logo de produtos","og_url":"https:\/\/agrofortetratores.com.br\/","og_site_name":"Agroforttratores","article_modified_time":"2025-09-16T11:58:37+00:00","og_image":[{"url":"http:\/\/agrofortetratores.com.br\/wp-content\/uploads\/2025\/09\/WhatsApp-Image-2025-09-09-at-17.21.04.jpeg","type":"","width":"","height":""}],"twitter_card":"summary_large_image","twitter_misc":{"Est. tempo de leitura":"1 minuto"},"schema":{"@context":"https:\/\/schema.org","@graph":[{"@type":"WebPage","@id":"https:\/\/agrofortetratores.com.br\/","url":"https:\/\/agrofortetratores.com.br\/","name":"Home Page - Agroforttratores","isPartOf":{"@id":"https:\/\/agrofortetratores.com.br\/#website"},"primaryImageOfPage":{"@id":"https:\/\/agrofortetratores.com.br\/#primaryimage"},"image":{"@id":"https:\/\/agrofortetratores.com.br\/#primaryimage"},"thumbnailUrl":"http:\/\/agrofortetratores.com.br\/wp-content\/uploads\/2025\/09\/WhatsApp-Image-2025-09-09-at-17.21.04.jpeg","datePublished":"2025-09-11T13:06:15+00:00","dateModified":"2025-09-16T11:58:37+00:00","breadcrumb":{"@id":"https:\/\/agrofortetratores.com.br\/#breadcrumb"},"inLanguage":"pt-BR","potentialAction":[{"@type":"ReadAction","target":["https:\/\/agrofortetratores.com.br\/"]}]},{"@type":"ImageObject","inLanguage":"pt-BR","@id":"https:\/\/agrofortetratores.com.br\/#primaryimage","url":"https:\/\/agrofortetratores.com.br\/wp-content\/uploads\/2025\/09\/WhatsApp-Image-2025-09-09-at-17.21.04.jpeg","contentUrl":"https:\/\/agrofortetratores.com.br\/wp-content\/uploads\/2025\/09\/WhatsApp-Image-2025-09-09-at-17.21.04.jpeg","width":236,"height":159},{"@type":"BreadcrumbList","@id":"https:\/\/agrofortetratores.com.br\/#breadcrumb","itemListElement":[{"@type":"ListItem","position":1,"name":"In\u00edcio","item":"https:\/\/agrofortetratores.com.br\/"},{"@type":"ListItem","position":2,"name":"Home Page"}]},{"@type":"WebSite","@id":"https:\/\/agrofortetratores.com.br\/#website","url":"https:\/\/agrofortetratores.com.br\/","name":"Agroforttratores","description":"","potentialAction":[{"@type":"SearchAction","target":{"@type":"EntryPoint","urlTemplate":"https:\/\/agrofortetratores.com.br\/?s={search_term_string}"},"query-input":{"@type":"PropertyValueSpecification","valueRequired":true,"valueName":"search_term_string"}}],"inLanguage":"pt-BR"}]}},"_links":{"self":[{"href":"https:\/\/agrofortetratores.com.br\/index.php?rest_route=\/wp\/v2\/pages\/270","targetHints":{"allow":["GET"]}}],"collection":[{"href":"https:\/\/agrofortetratores.com.br\/index.php?rest_route=\/wp\/v2\/pages"}],"about":[{"href":"https:\/\/agrofortetratores.com.br\/index.php?rest_route=\/wp\/v2\/types\/page"}],"author":[{"embeddable":true,"href":"https:\/\/agrofortetratores.com.br\/index.php?rest_route=\/wp\/v2\/users\/1"}],"replies":[{"embeddable":true,"href":"https:\/\/agrofortetratores.com.br\/index.php?rest_route=%2Fwp%2Fv2%2Fcomments&post=270"}],"version-history":[{"count":153,"href":"https:\/\/agrofortetratores.com.br\/index.php?rest_route=\/wp\/v2\/pages\/270\/revisions"}],"predecessor-version":[{"id":479,"href":"https:\/\/agrofortetratores.com.br\/index.php?rest_route=\/wp\/v2\/pages\/270\/revisions\/479"}],"wp:attachment":[{"href":"https:\/\/agrofortetratores.com.br\/index.php?rest_route=%2Fwp%2Fv2%2Fmedia&parent=270"}],"curies":[{"name":"wp","href":"https:\/\/api.w.org\/{rel}","templated":true}]}}